-5*d - p + 25. Suppose 5*i - 259 = -4*t, -4*i = -3*t - d*i + 189. What is the units digit of t?
1
Suppose 150 = 4*c + 2. Let a = 67 - c. What is the tens digit of (4/1)/4*a?
3
Suppose 23*h + 2034 - 7002 = 0. What is the hundreds digit of h?
2
Let m = -835 - -1921. What is the hundreds digit of m?
0
Suppose 0 = 4*r - 7*r - c + 30, -5*c - 20 = -2*r. Let m = 19 - 11. Let w = m + r. What is the tens digit of w?
1
Let m(v) = -v**3 + 22*v**2 - 5*v - 52. What is the thousands digit of m(17)?
1
Let m = -186 + 224. What is the units digit of m?
8
Suppose 0 = -4*d + 2*d + 96. Suppose 3*y - 33 + 99 = 0. Let p = y + d. What is the units digit of p?
6
Suppose 5*h = 5*t - 1824 - 6546, -4*t + 5*h + 6699 = 0. Suppose -4*g - 543 = -t. Suppose -8*o + 2*o = -g. What is the units digit of o?
7
Let n be (7*-5)/(2 + 315/(-155)). Suppose 2*x = 5*f - 1085, 2*x + 3*x + n = 5*f. What is the tens digit of f?
1
Let q be 8 + -3 - 0/(-2). Suppose -3*d - 1 = -g, -3*d + 3 = -q*g + 8. What is the units digit of g?
1
Let x(g) = -4 + g**3 - 7*g + 5*g + 0*g**3 - 3*g**2. Let p be x(4). Suppose 0 = l - p*l + 42. What is the tens digit of l?
1
Suppose -6*p = -5*g - p + 30, 3*p = 4*g - 23. Suppose -j = -2*u + 93, g*j - 2 + 203 = 4*u. What is the tens digit of u?
4
Let j(n) = -20 - 3 - 9*n + 13*n. Let k be j(20). Let m = 112 - k. What is the tens digit of m?
5
Let w(c) = 6*c + 1. Let p be w(1). Suppose -3*t - 5*z = -p*t + 317, 0 = -z - 5. What is the tens digit of t?
7
Suppose -4*g - w = -2*w - 24, 4*g - 24 = 5*w. Suppose -g*b = -0*b - 138. What is the tens digit of b?
2
Let w(l) = -4*l - 36. Let o be w(-11). What is the units digit of 11*(2 + o + -3)?
7
Suppose 14*i + 1328 - 10988 = 0. Suppose -74 = 4*m + u - i, 4*m + 2*u = 612. What is the tens digit of m?
5
Suppose -5*c + 5*b = -3*c + 36, -4*b = 4*c + 100. Let w = 28 + c. Suppose -3*q - 6 = 0, q - 40 = -2*j + w*q. What is the units digit of j?
6
Suppose -4*x + 3*x - 32 = -b, 5*x = -2*b + 85. Let i(g) = -g**2 + 5*g + 2. Let z be i(7). Let a = z + b. What is the tens digit of a?
2
What is the units digit of (-12)/9*(-131091)/148?
1
Suppose 7*d - 4*d = -135. Let g = 69 - d. What is the hundreds digit of g?
1
Suppose -10*t - 238 = -n - 13*t, -5*t + 966 = 4*n. What is the tens digit of n?
4
Suppose -122 = v - 2*v. Let z = v + -43. What is the tens digit of z?
7
Let d(z) = -z**3 + 3*z**2 + 6*z + 7. Let r be d(-3). Let l = r + -6. What is the units digit of l?
7
Let t(f) = f**3 + 6*f**2 + 7*f - 2. Let c be t(-3). Suppose 2*r = 6*r - c. What is the units digit of r?
1
Suppose 0 = 3*j - 3, -5*j = -4*g - 0*j - 49. Let n = g + 68. What is the tens digit of n?
5
Suppose -3*y = -s - 1724, 5*y = 3*s + 1921 + 947. What is the tens digit of y?
7
Let f(k) = k**2 - 3*k. Let p be f(4). Suppose 5*x = -4*g + 287, -2*g - 2*x + 148 = -p*x. Let a = 114 - g. What is the units digit of a?
1
Suppose -8024 = -7*r + 229. What is the hundreds digit of r?
1
Suppose -2*s - s - 528 = 3*o, 5*o = 4*s - 880. What is the units digit of o/(-6)*(-21)/(-14)?
4
Suppose 2148 = 107*a - 61410. What is the hundreds digit of a?
5
Let t(m) = 36*m**2 + 35*m + 9. What is the thousands digit of t(6)?
1
Suppose 0 = b - 2*p - 1010, -3*b - 4*p + 0*p = -3080. What is the tens digit of b?
2
Suppose 8*d = -y + 6*d + 511, 5*d = -3*y + 1535. What is the tens digit of y?
1
Suppose -4*w + 583 + 937 = 0. What is the hundreds digit of w?
3
Let k = -21 - -21. Suppose 5*b - 4*b - 45 = k. What is the units digit of b?
5
Let a(o) = -11*o**2 - 8*o + 5. Let u be a(5). What is the units digit of u/(-8) + 3/12?
9
Let g = 58 - 1. Suppose 0 = 8*w - 23 - g. What is the tens digit of w?
1
Let g be 0/(1 - 2) - 6. Suppose -5*s + 4*k + 27 = 0, -s + 2*k + 5 = k. Let z = g + s. What is the units digit of z?
1
What is the thousands digit of (-2)/(-9) - (-8984)/36*5?
1
Suppose -3*p + 4*n + 12 = p, p + 2*n = 0. Suppose 589 = 5*f - p*i, -f + 89 + 26 = i. Suppose 5*q - 158 - f = 0. What is the tens digit of q?
5
Let a(f) = f - 2. Let h be a(7). Suppose -n + 2 = h. Let m = n - -9. What is the units digit of m?
6
Suppose 3628 + 40570 = 41*t. What is the hundreds digit of t?
0
What is the tens digit of -21*(4/2 + (-6 - 117))?
4
Suppose -83 = 5*m + 4*g, 2*g + 12 = -m - 7. Let r be 3/m + 1652/10. Suppose -8*b = -5*b - r. What is the tens digit of b?
5
Suppose 3*w + 2*g = 74, 3*w - 5*w + 2*g + 46 = 0. Suppose 4*o - w = 2*c, -11 = -5*c + 3*c - 3*o. Let b = 8 + c. What is the units digit of b?
6
Suppose 2*q + a - 13 = -2, -32 = -5*q - 4*a. Suppose q*i = -i - 4*d + 1443, -i - 5*d = -297. What is the hundreds digit of i?
2
Suppose 14*i - 25*i + 3828 = 0. What is the hundreds digit of i?
3
Suppose 47*t - 50*t = -4518. What is the hundreds digit of t?
5
Suppose 0*w = -2*w. Suppose w = -2*v + 3*v - 52. What is the units digit of v?
2
Let r be (-1)/2 + (-5)/(-2). Suppose -2*g = -r*d - d - 56, -d - 132 = -4*g. Suppose -5*o + 29 = 3*f, 0 = 2*f - 8*o + 4*o - g. What is the units digit of f?
3
Suppose 4*f = 23 - 51. Let j(h) = h + 11. Let n(a) = 3*a + 34. Let p(x) = -11*j(x) + 4*n(x). What is the units digit of p(f)?
8
Let p(i) = i**3 + 15*i**2 + 2*i - 8. Suppose -4*u + 5*r + 0*r = 51, 0 = -u - 2*r - 16. What is the tens digit of p(u)?
6
Let k(b) = -b**3 - 7*b**2 + 3*b - 27. What is the units digit of k(-9)?
8
Suppose -2*v + 3*g = 0, v - 19 = -3*g - 1. Let f = -18 - -28. Suppose v*a + 44 = f*a. What is the tens digit of a?
1
What is the thousands digit of (11/((-462)/490))/(1/(-93))?
1
Let z(s) = 13*s**3 - 19*s**2 - 30*s - 5. Let p(x) = -7*x**3 + 9*x**2 + 15*x + 2. Let v(a) = 11*p(a) + 6*z(a). What is the units digit of v(16)?
8
Let g be 2/(-2)*(-6)/(-3). Let r = g + 6. Suppose 5*l - 12 + 32 = 0, r*i - 28 = -3*l. What is the units digit of i?
0
Let q(b) = -b + 13. Let s be q(9). Let r = s + 302. What is the tens digit of r?
0
Suppose -d = -3 + 7, -5*f - 83 = -3*d. Let y = f + 114. What is the units digit of y?
5
Let u(i) = i**3 + 6*i**2 - 11*i - 24. Let l be u(-7). What is the hundreds digit of 7/14 - (-1 + (-550)/l)?
1
Let a be 13707/(-81) - 4/(-18). Let y = 241 + a. What is the tens digit of y?
7
Suppose 0 = h - 2*n, -h = 3*h - 2*n - 24. Suppose v - 39 - 9 = 5*i, 4*i = h. What is the units digit of v?
8
Let b be 155/15 - (-1)/(-3). Suppose -4*g + b*g - 6 = 0. What is the units digit of g?
1
Let r be (1*(-2)/4)/((-2)/36). Suppose r - 121 = -7*w. What is the tens digit of w?
1
Let q(z) = -4*z**3 + 5*z**3 + 3*z - 6 - 9*z**2 - 7*z**2 - 2*z**2. What is the tens digit of q(18)?
4
Suppose 3*z + 2*z = 775. Let v = 33 - 31. Suppose -2*l = 4*w - z + 1, 0 = v*l - 2. What is the tens digit of w?
3
Let z(a) = 2*a + 17. Let n be z(-12). Let g = 74 + n. What is the tens digit of g?
6
Suppose -2*w + 2*x + 22 = -6, -52 = -3*w - 2*x. Suppose 5*h - w = 29. Let a(b) = b**2 - b - 12. What is the units digit of a(h)?
0
Suppose 0 = 94*g - 85*g - 1431. What is the hundreds digit of g?
1
Let r = 101 - 228. Let q = r + 247. What is the hundreds digit of q?
1
Suppose 2*r = 9 + 9. Let h = -4 + r. Suppose -7 = -v + h. What is the units digit of v?
2
Suppose 0 = -4*k + 3*x + 72, -k + 35 = -3*x - 2*x. Suppose -20*a + 810 = -k*a. What is the hundreds digit of a?
1
Suppose -9*g + g = 440. Let i be (2 - (0 + 4)) + 81. Let t = i + g. What is the units digit of t?
4
Suppose -25*t = -5*t - 49660. What is the hundreds digit of t?
4
Let z = 3 + -3. Suppose -3*i - 13 = -94. What is the tens digit of 1 + z/(-1) + i?
2
Let s(g) = -9*g + 8 - 3*g + 11*g + 0*g. What is the units digit of s(-14)?
2
Suppose -2*z + 55 = -3*r + 2*r, 4*r + 40 = 2*z. Let n be ((-36)/z)/((-3)/(-10)). What is the tens digit of n + (6 - 2 - -52)?
5
Suppose y - 17 = j, 59 = -4*j + 3*y - 4. Let v = -11 - j. Suppose -16 = -5*m - o, v = 3*m - 5*o - 3. What is the units digit of m?
3
Let o(d) = 0 - 13*d**2 - 16*d**3 - 19*d**3 + 12*d**2 - d - 2. Let j be o(-2). Suppose 7*m - j = m. What is the tens digit of m?
4
Let z(k) be the third derivative of -k**3 - 13*k**2 - 1/12*k**4 + 0 - 1/120*k**6 + 2/15*k**5 + 0*k. What is the units digit of z(7)?
9
What is the tens digit of (-6492)/(-1 + -5)*(7 + -6)?
8
Let r be (-4 - (4 + -8))/2. Let i(a) = -3*a - 14. Let z be i(r). What is the tens digit of (74/4)/((-7)/z)?
3
Let i(k) = -k**3 - k**2 - k + 1. Let d(c) = -6*c**3 - 12*c**2 - 12*c. Let s(z) = -d(z) + 5*i(